{"id":16,"date":"2013-06-24T12:17:43","date_gmt":"2013-06-24T10:17:43","guid":{"rendered":"http:\/\/hh-infomedia.de\/?page_id=16"},"modified":"2023-03-07T12:13:13","modified_gmt":"2023-03-07T10:13:13","slug":"fotodienste","status":"publish","type":"page","link":"http:\/\/hh-infomedia.de\/?page_id=16","title":{"rendered":"Fotodienste"},"content":{"rendered":"<h2><span style=\"color: #888888;\"><strong>HH-infoMedia<\/strong><\/span><\/h2>\n<p>Sie ben\u00f6tigen Fotos\u00a0f\u00fcr\u00a0ihre Website, Brosch\u00fcren, Anzeigen, etc. HH-infoMedia bietet die M\u00f6glichkeit Fotos f\u00fcr ihren\u00a0Bedarf zu erstellen.<\/p>\n<p>Impressionen von HH-infoMedia Fotodienste:<\/p>\n<p><a href=\"http:\/\/hh-infomedia.de\/wp-content\/uploads\/2013\/06\/01.jpg\"><img decoding=\"async\" loading=\"lazy\" class=\"alignleft size-medium wp-image-152\" title=\"Aussichtsplattform Festungsplateau Ehrenbereitstein\" src=\"http:\/\/hh-infomedia.de\/wp-content\/uploads\/2013\/06\/01-300x120.jpg\" alt=\"\" width=\"300\" height=\"120\" srcset=\"http:\/\/hh-infomedia.de\/wp-content\/uploads\/2013\/06\/01-300x120.jpg 300w, http:\/\/hh-infomedia.de\/wp-content\/uploads\/2013\/06\/01.jpg 1000w\" sizes=\"(max-width: 300px) 100vw, 300px\" \/><\/a><\/p>\n<p><a href=\"http:\/\/hh-infomedia.de\/wp-content\/uploads\/2013\/06\/041.jpg\"><img decoding=\"async\" loading=\"lazy\" class=\"alignleft size-medium wp-image-168\" title=\"Kunstwerk &quot;Sonnenblumen&quot; Koblenz\" src=\"http:\/\/hh-infomedia.de\/wp-content\/uploads\/2013\/06\/041-300x120.jpg\" alt=\"\" width=\"300\" height=\"120\" srcset=\"http:\/\/hh-infomedia.de\/wp-content\/uploads\/2013\/06\/041-300x120.jpg 300w, http:\/\/hh-infomedia.de\/wp-content\/uploads\/2013\/06\/041.jpg 1000w\" sizes=\"(max-width: 300px) 100vw, 300px\" \/><\/a><\/p>\n<p><a href=\"http:\/\/hh-infomedia.de\/wp-content\/uploads\/2013\/06\/05.jpg\"><img decoding=\"async\" loading=\"lazy\" class=\"alignleft size-medium wp-image-169\" title=\"Kunst im Blumenhof \" src=\"http:\/\/hh-infomedia.de\/wp-content\/uploads\/2013\/06\/05-300x120.jpg\" alt=\"\" width=\"300\" height=\"120\" srcset=\"http:\/\/hh-infomedia.de\/wp-content\/uploads\/2013\/06\/05-300x120.jpg 300w, http:\/\/hh-infomedia.de\/wp-content\/uploads\/2013\/06\/05.jpg 1000w\" sizes=\"(max-width: 300px) 100vw, 300px\" \/><\/a><\/p>\n","protected":false},"excerpt":{"rendered":"<p>HH-infoMedia Sie ben\u00f6tigen Fotos\u00a0f\u00fcr\u00a0ihre Website, Brosch\u00fcren, Anzeigen, etc. HH-infoMedia bietet die M\u00f6glichkeit Fotos f\u00fcr ihren\u00a0Bedarf zu erstellen. Impressionen von HH-infoMedia Fotodienste:<\/p>\n","protected":false},"author":2,"featured_media":0,"parent":12,"menu_order":3,"comment_status":"closed","ping_status":"closed","template":"","meta":[],"_links":{"self":[{"href":"http:\/\/hh-infomedia.de\/index.php?rest_route=\/wp\/v2\/pages\/16"}],"collection":[{"href":"http:\/\/hh-infomedia.de\/index.php?rest_route=\/wp\/v2\/pages"}],"about":[{"href":"http:\/\/hh-infomedia.de\/index.php?rest_route=\/wp\/v2\/types\/page"}],"author":[{"embeddable":true,"href":"http:\/\/hh-infomedia.de\/index.php?rest_route=\/wp\/v2\/users\/2"}],"replies":[{"embeddable":true,"href":"http:\/\/hh-infomedia.de\/index.php?rest_route=%2Fwp%2Fv2%2Fcomments&post=16"}],"version-history":[{"count":35,"href":"http:\/\/hh-infomedia.de\/index.php?rest_route=\/wp\/v2\/pages\/16\/revisions"}],"predecessor-version":[{"id":701,"href":"http:\/\/hh-infomedia.de\/index.php?rest_route=\/wp\/v2\/pages\/16\/revisions\/701"}],"up":[{"embeddable":true,"href":"http:\/\/hh-infomedia.de\/index.php?rest_route=\/wp\/v2\/pages\/12"}],"wp:attachment":[{"href":"http:\/\/hh-infomedia.de\/index.php?rest_route=%2Fwp%2Fv2%2Fmedia&parent=16"}],"curies":[{"name":"wp","href":"https:\/\/api.w.org\/{rel}","templated":true}]}}