{"id":10,"date":"2013-06-24T12:11:01","date_gmt":"2013-06-24T10:11:01","guid":{"rendered":"http:\/\/hh-infomedia.de\/?page_id=10"},"modified":"2023-03-07T12:18:55","modified_gmt":"2023-03-07T10:18:55","slug":"impressum","status":"publish","type":"page","link":"http:\/\/hh-infomedia.de\/?page_id=10","title":{"rendered":"IMPRESSUM"},"content":{"rendered":"<p><strong>Verantwortlich<\/strong><\/p>\n<p>Herbert Hennes<br \/>\nKeltenstra\u00dfe 182a<br \/>\n56072 Koblenz<\/p>\n<p>Tel.: 0261-22974<br \/>\nE-Mail:\u00a0<a href=\"mailto:info@hh-infomedia.de\">info@hh-infomedia.de<\/a><br \/>\nWebsite: <a href=\"http:\/\/www.hh-infomedia.de\/\">www.hh-infomedia.de<\/a><\/p>\n<p><strong>Steuernummer<\/strong><\/p>\n<p>22\/066\/348217<\/p>\n<p><strong>Haftungsausschluss<\/strong><\/p>\n<p style=\"text-align: justify;\">Die Inhalte dieser Webseite sind nach bestem Wissen und Kenntnisstand erstellt worden. Sie dienen ausschlie\u00dflich der generellen Informationen und ersetzen keine qualifizierte Beratung. Sie stellen keine Beratung \u2013 juristischer oder anderer Art \u2013 dar und sollen auch nicht als solche verwendet werden. In keinem Fall k\u00f6nnen wir f\u00fcr etwaige Sch\u00e4den irgendwelcher Art verantwortlich gemacht werden, die durch die Benutzung oder im Zusammenhang mit der Benutzung der hier bereitgestellten Informationen entstehen, seien es direkte oder indirekte Sch\u00e4den bzw. Folgesch\u00e4den. Wir behalten uns \u00c4nderungen der Informationen in unserem Internetauftritt ohne vorherige Ank\u00fcndigung vor. Alle Angebote sind freibleibend und unverbindlich.<\/p>\n","protected":false},"excerpt":{"rendered":"<p>Verantwortlich Herbert Hennes Keltenstra\u00dfe 182a 56072 Koblenz Tel.: 0261-22974 E-Mail:\u00a0info@hh-infomedia.de Website: www.hh-infomedia.de Steuernummer 22\/066\/348217 Haftungsausschluss Die Inhalte dieser Webseite sind nach bestem Wissen und Kenntnisstand erstellt worden. Sie dienen ausschlie\u00dflich der generellen Informationen und ersetzen keine qualifizierte Beratung. Sie stellen keine Beratung \u2013 juristischer oder anderer Art \u2013 dar und sollen auch nicht als solche [&hellip;]<\/p>\n","protected":false},"author":2,"featured_media":0,"parent":0,"menu_order":5,"comment_status":"closed","ping_status":"closed","template":"","meta":[],"_links":{"self":[{"href":"http:\/\/hh-infomedia.de\/index.php?rest_route=\/wp\/v2\/pages\/10"}],"collection":[{"href":"http:\/\/hh-infomedia.de\/index.php?rest_route=\/wp\/v2\/pages"}],"about":[{"href":"http:\/\/hh-infomedia.de\/index.php?rest_route=\/wp\/v2\/types\/page"}],"author":[{"embeddable":true,"href":"http:\/\/hh-infomedia.de\/index.php?rest_route=\/wp\/v2\/users\/2"}],"replies":[{"embeddable":true,"href":"http:\/\/hh-infomedia.de\/index.php?rest_route=%2Fwp%2Fv2%2Fcomments&post=10"}],"version-history":[{"count":23,"href":"http:\/\/hh-infomedia.de\/index.php?rest_route=\/wp\/v2\/pages\/10\/revisions"}],"predecessor-version":[{"id":707,"href":"http:\/\/hh-infomedia.de\/index.php?rest_route=\/wp\/v2\/pages\/10\/revisions\/707"}],"wp:attachment":[{"href":"http:\/\/hh-infomedia.de\/index.php?rest_route=%2Fwp%2Fv2%2Fmedia&parent=10"}],"curies":[{"name":"wp","href":"https:\/\/api.w.org\/{rel}","templated":true}]}}